{"id":1169,"date":"2023-09-10T11:05:31","date_gmt":"2023-09-10T09:05:31","guid":{"rendered":"https:\/\/niceafrica.eu\/?post_type=product&#038;p=1169"},"modified":"2026-04-18T12:43:14","modified_gmt":"2026-04-18T10:43:14","slug":"a1001-robe-singsong","status":"publish","type":"product","link":"https:\/\/niceafrica.eu\/index.php\/produit\/a1001-robe-singsong\/","title":{"rendered":"(A1001) Robe Singsong"},"content":{"rendered":"<p>Agr\u00e9able robe aux motifs lign\u00e9s, manches \u00e9paul\u00e9es. 100% coton.<\/p>\n<div class=\"sharedaddy sd-sharing-enabled\"><div class=\"robots-nocontent sd-block sd-social sd-social-icon sd-sharing\"><h3 class=\"sd-title\">Partager\u00a0:<\/h3><div class=\"sd-content\"><ul><li class=\"share-twitter\"><a rel=\"nofollow noopener noreferrer\" data-shared=\"sharing-twitter-1169\" class=\"share-twitter sd-button share-icon no-text\" href=\"https:\/\/niceafrica.eu\/index.php\/produit\/a1001-robe-singsong\/?share=twitter\" target=\"_blank\" title=\"Cliquez pour partager sur Twitter\" ><span><\/span><span class=\"sharing-screen-reader-text\">Cliquez pour partager sur Twitter(ouvre dans une nouvelle fen\u00eatre)<\/span><\/a><\/li><li class=\"share-facebook\"><a rel=\"nofollow noopener noreferrer\" data-shared=\"sharing-facebook-1169\" class=\"share-facebook sd-button share-icon no-text\" href=\"https:\/\/niceafrica.eu\/index.php\/produit\/a1001-robe-singsong\/?share=facebook\" target=\"_blank\" title=\"Cliquez pour partager sur Facebook\" ><span><\/span><span class=\"sharing-screen-reader-text\">Cliquez pour partager sur Facebook(ouvre dans une nouvelle fen\u00eatre)<\/span><\/a><\/li><li class=\"share-jetpack-whatsapp\"><a rel=\"nofollow noopener noreferrer\" data-shared=\"\" class=\"share-jetpack-whatsapp sd-button share-icon no-text\" href=\"https:\/\/niceafrica.eu\/index.php\/produit\/a1001-robe-singsong\/?share=jetpack-whatsapp\" target=\"_blank\" title=\"Cliquez pour partager sur WhatsApp\" ><span><\/span><span class=\"sharing-screen-reader-text\">Cliquez pour partager sur WhatsApp(ouvre dans une nouvelle fen\u00eatre)<\/span><\/a><\/li><li class=\"share-linkedin\"><a rel=\"nofollow noopener noreferrer\" data-shared=\"sharing-linkedin-1169\" class=\"share-linkedin sd-button share-icon no-text\" href=\"https:\/\/niceafrica.eu\/index.php\/produit\/a1001-robe-singsong\/?share=linkedin\" target=\"_blank\" title=\"Cliquez pour partager sur LinkedIn\" ><span><\/span><span class=\"sharing-screen-reader-text\">Cliquez pour partager sur LinkedIn(ouvre dans une nouvelle fen\u00eatre)<\/span><\/a><\/li><li class=\"share-email\"><a rel=\"nofollow noopener noreferrer\" data-shared=\"\" class=\"share-email sd-button share-icon no-text\" href=\"mailto:?subject=%5BArticle%20partag%C3%A9%5D%20%28A1001%29%20Robe%20Singsong&body=https%3A%2F%2Fniceafrica.eu%2Findex.php%2Fproduit%2Fa1001-robe-singsong%2F&share=email\" target=\"_blank\" title=\"Cliquer pour envoyer un lien par e-mail \u00e0 un ami\" data-email-share-error-title=\"Votre messagerie est-elle configur\u00e9e\u00a0?\" data-email-share-error-text=\"Si vous rencontrez des probl\u00e8mes de partage par e-mail, votre messagerie n\u2019est peut-\u00eatre pas configur\u00e9e pour votre navigateur. Vous devrez peut-\u00eatre cr\u00e9er vous-m\u00eame une nouvelle messagerie.\" data-email-share-nonce=\"8aec631901\" data-email-share-track-url=\"https:\/\/niceafrica.eu\/index.php\/produit\/a1001-robe-singsong\/?share=email\"><span><\/span><span class=\"sharing-screen-reader-text\">Cliquer pour envoyer un lien par e-mail \u00e0 un ami(ouvre dans une nouvelle fen\u00eatre)<\/span><\/a><\/li><li class=\"share-pinterest\"><a rel=\"nofollow noopener noreferrer\" data-shared=\"sharing-pinterest-1169\" class=\"share-pinterest sd-button share-icon no-text\" href=\"https:\/\/niceafrica.eu\/index.php\/produit\/a1001-robe-singsong\/?share=pinterest\" target=\"_blank\" title=\"Cliquez pour partager sur Pinterest\" ><span><\/span><span class=\"sharing-screen-reader-text\">Cliquez pour partager sur Pinterest(ouvre dans une nouvelle fen\u00eatre)<\/span><\/a><\/li><li class=\"share-end\"><\/li><\/ul><\/div><\/div><\/div>","protected":false},"excerpt":{"rendered":"<p>Magnifique robe joyeuse qui mettra de bonne humeur toute la journ\u00e9e. magnifiques motifs. 100% coton. taille S, M, L &hellip; <a href=\"https:\/\/niceafrica.eu\/index.php\/produit\/a1001-robe-singsong\/\" class=\"more-link\"><span class=\"more-button\">Plus de d\u00e9tails<span class=\"screen-reader-text\">(A1001) Robe Singsong<\/span><\/span><\/a><\/p>\n<div class=\"sharedaddy sd-sharing-enabled\"><div class=\"robots-nocontent sd-block sd-social sd-social-icon sd-sharing\"><h3 class=\"sd-title\">Partager\u00a0:<\/h3><div class=\"sd-content\"><ul><li class=\"share-twitter\"><a rel=\"nofollow noopener noreferrer\" data-shared=\"sharing-twitter-1169\" class=\"share-twitter sd-button share-icon no-text\" href=\"https:\/\/niceafrica.eu\/index.php\/produit\/a1001-robe-singsong\/?share=twitter\" target=\"_blank\" title=\"Cliquez pour partager sur Twitter\" ><span><\/span><span class=\"sharing-screen-reader-text\">Cliquez pour partager sur Twitter(ouvre dans une nouvelle fen\u00eatre)<\/span><\/a><\/li><li class=\"share-facebook\"><a rel=\"nofollow noopener noreferrer\" data-shared=\"sharing-facebook-1169\" class=\"share-facebook sd-button share-icon no-text\" href=\"https:\/\/niceafrica.eu\/index.php\/produit\/a1001-robe-singsong\/?share=facebook\" target=\"_blank\" title=\"Cliquez pour partager sur Facebook\" ><span><\/span><span class=\"sharing-screen-reader-text\">Cliquez pour partager sur Facebook(ouvre dans une nouvelle fen\u00eatre)<\/span><\/a><\/li><li class=\"share-jetpack-whatsapp\"><a rel=\"nofollow noopener noreferrer\" data-shared=\"\" class=\"share-jetpack-whatsapp sd-button share-icon no-text\" href=\"https:\/\/niceafrica.eu\/index.php\/produit\/a1001-robe-singsong\/?share=jetpack-whatsapp\" target=\"_blank\" title=\"Cliquez pour partager sur WhatsApp\" ><span><\/span><span class=\"sharing-screen-reader-text\">Cliquez pour partager sur WhatsApp(ouvre dans une nouvelle fen\u00eatre)<\/span><\/a><\/li><li class=\"share-linkedin\"><a rel=\"nofollow noopener noreferrer\" data-shared=\"sharing-linkedin-1169\" class=\"share-linkedin sd-button share-icon no-text\" href=\"https:\/\/niceafrica.eu\/index.php\/produit\/a1001-robe-singsong\/?share=linkedin\" target=\"_blank\" title=\"Cliquez pour partager sur LinkedIn\" ><span><\/span><span class=\"sharing-screen-reader-text\">Cliquez pour partager sur LinkedIn(ouvre dans une nouvelle fen\u00eatre)<\/span><\/a><\/li><li class=\"share-email\"><a rel=\"nofollow noopener noreferrer\" data-shared=\"\" class=\"share-email sd-button share-icon no-text\" href=\"mailto:?subject=%5BArticle%20partag%C3%A9%5D%20%28A1001%29%20Robe%20Singsong&body=https%3A%2F%2Fniceafrica.eu%2Findex.php%2Fproduit%2Fa1001-robe-singsong%2F&share=email\" target=\"_blank\" title=\"Cliquer pour envoyer un lien par e-mail \u00e0 un ami\" data-email-share-error-title=\"Votre messagerie est-elle configur\u00e9e\u00a0?\" data-email-share-error-text=\"Si vous rencontrez des probl\u00e8mes de partage par e-mail, votre messagerie n\u2019est peut-\u00eatre pas configur\u00e9e pour votre navigateur. Vous devrez peut-\u00eatre cr\u00e9er vous-m\u00eame une nouvelle messagerie.\" data-email-share-nonce=\"8aec631901\" data-email-share-track-url=\"https:\/\/niceafrica.eu\/index.php\/produit\/a1001-robe-singsong\/?share=email\"><span><\/span><span class=\"sharing-screen-reader-text\">Cliquer pour envoyer un lien par e-mail \u00e0 un ami(ouvre dans une nouvelle fen\u00eatre)<\/span><\/a><\/li><li class=\"share-pinterest\"><a rel=\"nofollow noopener noreferrer\" data-shared=\"sharing-pinterest-1169\" class=\"share-pinterest sd-button share-icon no-text\" href=\"https:\/\/niceafrica.eu\/index.php\/produit\/a1001-robe-singsong\/?share=pinterest\" target=\"_blank\" title=\"Cliquez pour partager sur Pinterest\" ><span><\/span><span class=\"sharing-screen-reader-text\">Cliquez pour partager sur Pinterest(ouvre dans une nouvelle fen\u00eatre)<\/span><\/a><\/li><li class=\"share-end\"><\/li><\/ul><\/div><\/div><\/div>","protected":false},"featured_media":1156,"comment_status":"open","ping_status":"closed","template":"","meta":{"jetpack_publicize_message":"","jetpack_is_tweetstorm":false,"jetpack_publicize_feature_enabled":true},"product_cat":[18],"product_tag":[],"jetpack_publicize_connections":[],"jetpack_sharing_enabled":true,"jetpack-related-posts":[{"id":1164,"url":"https:\/\/niceafrica.eu\/index.php\/produit\/a-1000-robe-coton-leger-epaules-nues\/","url_meta":{"origin":1169,"position":0},"title":"(A1000) Robe coton l\u00e9ger \u00e9paules nues","date":"9 septembre 2023","format":false,"excerpt":"100% coton du Burkina Faso","rel":"","context":"Article similaire","img":{"alt_text":"","src":"https:\/\/i0.wp.com\/niceafrica.eu\/wp-content\/uploads\/2023\/09\/cropped-thumbnail_IMG_7015.jpg?fit=744%2C911&ssl=1&resize=350%2C200","width":350,"height":200},"classes":[]},{"id":1108,"url":"https:\/\/niceafrica.eu\/index.php\/produit\/air-robe-longue-magnifiques-motifs-aux-tons-verts\/","url_meta":{"origin":1169,"position":1},"title":"(a1006) Robe longue, magnifiques motifs aux tons verts","date":"17 f\u00e9vrier 2023","format":false,"excerpt":"Magnifique robe longue doubl\u00e9e disponible en diff\u00e9rents coloris: bleus, vert-ocre, vert. Beau d\u00e9collet\u00e9, hanches avec ouverture. Mod\u00e8le en exclusivit\u00e9 pour vous. Disponible en boutique taille S ou M ou sur mesure (d\u00e9lai 10 jours). Vous serez superbe aux c\u00e9r\u00e9monies de mariage ou \u00e0 votre soir\u00e9e.","rel":"","context":"Article similaire","img":{"alt_text":"","src":"https:\/\/i0.wp.com\/niceafrica.eu\/wp-content\/uploads\/2023\/02\/femme4-scaled.jpg?fit=1050%2C1200&ssl=1&resize=350%2C200","width":350,"height":200},"classes":[]},{"id":1256,"url":"https:\/\/niceafrica.eu\/index.php\/produit\/a998-robe-bluesband\/","url_meta":{"origin":1169,"position":2},"title":"-(A998) Robe Bluesband","date":"2 janvier 2025","format":false,"excerpt":"Robe longue doubl\u00e9e coton. \u00c9paules nues encolure. Grande \u00e9l\u00e9gance. Couleurs et motifs classe. Taille S et M","rel":"","context":"Article similaire","img":{"alt_text":"","src":"https:\/\/i0.wp.com\/niceafrica.eu\/wp-content\/uploads\/2025\/01\/DSC_0449-scaled.jpg?fit=795%2C1200&ssl=1&resize=350%2C200","width":350,"height":200},"classes":[]},{"id":883,"url":"https:\/\/niceafrica.eu\/index.php\/produit\/nouvelle-collection-blue-move\/","url_meta":{"origin":1169,"position":3},"title":"(A1009) Nouvelle collection Blue Move","date":"31 juillet 2022","format":false,"excerpt":"Robe virevoltante aux motifs bleus. Dos nus, \u00e9paules d\u00e9gag\u00e9es. Vous ferez sensation aux garden parties hupp\u00e9s, sur les plages ou en soir\u00e9e. Coton l\u00e9ger. Origine Burkina Faso. Taille unique.","rel":"","context":"Article similaire","img":{"alt_text":"","src":"https:\/\/i0.wp.com\/niceafrica.eu\/wp-content\/uploads\/2022\/07\/nouvelle-collection-2022-3f.jpg?fit=1067%2C1200&ssl=1&resize=350%2C200","width":350,"height":200},"classes":[]},{"id":879,"url":"https:\/\/niceafrica.eu\/index.php\/produit\/oiseau-du-desert\/","url_meta":{"origin":1169,"position":4},"title":"Nouvelle Collection 2023 Oiseau du d\u00e9sert","date":"31 juillet 2022","format":false,"excerpt":"Robe mi-longue agr\u00e9able \u00e0 porter. Vous vous sentirez belle en toute circonstance dans ce mod\u00e8le exclusif. Coton soyeux et coton \u00e0 motifs. Taille unique. Origine: Burkina Faso.","rel":"","context":"Article similaire","img":{"alt_text":"","src":"https:\/\/i0.wp.com\/niceafrica.eu\/wp-content\/uploads\/2022\/07\/nouvelle-collection-2022-2f.jpg?fit=960%2C1200&ssl=1&resize=350%2C200","width":350,"height":200},"classes":[]},{"id":1131,"url":"https:\/\/niceafrica.eu\/index.php\/produit\/a1001-jupes-coton-imprime-differents-motifs\/","url_meta":{"origin":1169,"position":5},"title":"(A1001) Jupes coton imprim\u00e9. Diff\u00e9rents motifs","date":"30 mars 2023","format":false,"excerpt":"Longue jupe souple en coton imprim\u00e9 motifs rouge et carr\u00e9s. Taille unique","rel":"","context":"Article similaire","img":{"alt_text":"","src":"https:\/\/i0.wp.com\/niceafrica.eu\/wp-content\/uploads\/2023\/03\/Jupe-rouge-carres.jpg?fit=577%2C1182&ssl=1&resize=350%2C200","width":350,"height":200},"classes":[]}],"jetpack_likes_enabled":true,"_links":{"self":[{"href":"https:\/\/niceafrica.eu\/index.php\/wp-json\/wp\/v2\/product\/1169"}],"collection":[{"href":"https:\/\/niceafrica.eu\/index.php\/wp-json\/wp\/v2\/product"}],"about":[{"href":"https:\/\/niceafrica.eu\/index.php\/wp-json\/wp\/v2\/types\/product"}],"replies":[{"embeddable":true,"href":"https:\/\/niceafrica.eu\/index.php\/wp-json\/wp\/v2\/comments?post=1169"}],"wp:featuredmedia":[{"embeddable":true,"href":"https:\/\/niceafrica.eu\/index.php\/wp-json\/wp\/v2\/media\/1156"}],"wp:attachment":[{"href":"https:\/\/niceafrica.eu\/index.php\/wp-json\/wp\/v2\/media?parent=1169"}],"wp:term":[{"taxonomy":"product_cat","embeddable":true,"href":"https:\/\/niceafrica.eu\/index.php\/wp-json\/wp\/v2\/product_cat?post=1169"},{"taxonomy":"product_tag","embeddable":true,"href":"https:\/\/niceafrica.eu\/index.php\/wp-json\/wp\/v2\/product_tag?post=1169"}],"curies":[{"name":"wp","href":"https:\/\/api.w.org\/{rel}","templated":true}]}}